 -180, -4*h = 3*c - 2*h - 130. Calculate the remainder when d(-18) is divided by c.
43
Suppose 0 = -3*w + 508 - 499. Suppose -3*o + 94 = 2*h - h, -5 = -5*h. Calculate the remainder when o is divided by w.
1
Suppose 2 = 4*c - 6. Suppose 2*a = -5*g + 8, -4*g = -c*a + 4*a - 4. Let l = 9 + a. What is the remainder when 3 is divided by l?
0
Let o(f) = -f**3 - 9*f - 42. What is the remainder when o(-7) is divided by 36?
4
Suppose -9*b + 152 = -b. Let y(h) = h**2 - 3*h - 4. What is the remainder when b is divided by y(-3)?
5
Let j = 55 - 21. Suppose -34*x - 59*x = -2139. What is the remainder when j is divided by x?
11
Suppose 5*f - 249 = -2*m, 10*f - 90 = 8*f - 4*m. Let i = 40 + -25. Let q = i + f. What is the remainder when q is divided by 34?
32
Suppose -3*z - 317 = -5*a + 795, 5*z = -20. Let f(r) = 8*r**2 - 1. Let g be f(1). Suppose g*k - a = -80. Calculate the remainder when 38 is divided by k.
18
Let z be 26*5/(15/6). Suppose 4*g - 6*g + z = 0. What is the remainder when g is divided by 7?
5
Suppose 0 = 2*g - 5*u - 2, 3*g + g + u = 48. Suppose 3049*v + 172 = 3053*v. What is the remainder when v is divided by g?
10
Suppose 4*l + 3*a - 86 - 5 = 0, -4*a = 3*l - 70. Calculate the remainder when (7/(-21))/(1/(-195)) is divided by l.
21
Let b(r) = 72*r - 353. Suppose -12 = -4*l + q + 117, -q + 69 = 2*l. Calculate the remainder when l is divided by b(5).
5
What is the remainder when 100 is divided by 1870/(-1122)*(0 - 1*3)?
0
Let p(f) = -f**2 + 47*f - 344. Calculate the remainder when 614 is divided by p(36).
42
Suppose -2*a + 6 = 0, f + 3*a - 7*a - 5 = 0. Calculate the remainder when 35 is divided by f.
1
Let k = 13 - 10. Let m = -5 + 27. Let s = k + m. What is the remainder when s is divided by 13?
12
Let q be -5*(18/(-15))/2. Suppose -4*g + 4 - 17 = -q*w, 0 = -3*w - 4*g + 53. Suppose 0 = -9*p + 7*p + 16. Calculate the remainder when w is divided by p.
3
What is the remainder when (-1 + 0)*(-112 + (5 - -4)) is divided by 13?
12
Let u = -20 + 36. Let t = 42 - u. Calculate the remainder when 51 is divided by t.
25
Let z(h) = 19*h - 48. What is the remainder when 26 is divided by z(3)?
8
Let v(x) = x - 5. Let h(p) = p - 1. Let a be h(9). Let f be v(a). Suppose -2*d = -d - f*s - 2, 2*s - 6 = 0. Calculate the remainder when 42 is divided by d.
9
Let r(k) = 71*k - 46. What is the remainder when r(4) is divided by 24?
22
Suppose 163 = 2*m - 5*b, m = -5*b + 140 - 21. Suppose -j + m = j. Let p(a) = a - 10. What is the remainder when j is divided by p(20)?
7
Let o(z) = z**2 - 8*z - 4. Calculate the remainder when 95 is divided by o(-2).
15
Suppose -c = 4*c - 130. Let j(k) = k**3 + 23*k**2 + 37*k - 42. Calculate the remainder when j(-21) is divided by c.
11
Suppose 0 = 45*y - 54*y + 2880. Calculate the remainder when y is divided by 27.
23
Let k(n) = n**2 - 6*n - 13. Let x(a) = a + 4. Let f be x(0). Suppose 0 = -3*b, 0*b + b + 216 = f*g. Calculate the remainder when g is divided by k(9).
12
What is the remainder when 46 is divided by (-4)/(-5)*130/13?
6
Let i(s) = -s**3 - 14*s**2 - 20*s - 68. What is the remainder when i(-13) is divided by ((-6)/(-4) - 0)*4?
5
Let a be -2*(3/9 - (-155)/(-6)). Suppose -55*c + a*c = -272. Suppose -5*u = 3*l - 69, 2*l + 5*u - 14 = 32. Calculate the remainder when c is divided by l.
22
Suppose 0 = 2*l - 17 - 17. Suppose -6 = j - 3*j, 2*g + 5 = 5*j. What is the remainder when l is divided by g?
2
Let r = -937 - -948. Calculate the remainder when 857 is divided by r.
10
Suppose 11*m + 6 = 17*m. Let o = 18 + -15. Calculate the remainder when o is divided by m.
0
Suppose 3*z + 4*j - 2490 = 7*j, -10 = -2*j. What is the remainder when z is divided by 76?
75
Suppose 6 = 4*u + 5*f - 1, -5*f - 49 = -3*u. What is the remainder when 124 is divided by u?
4
Let l = -1650 + 1674. What is the remainder when 135 is divided by l?
15
Suppose -2*c + 12 = 2. Suppose -c*h = -5*j - 95, 3*h - 2*j + 130 = 8*h. Suppose -2*z + 106 = 14. What is the remainder when z is divided by h?
22
Suppose 76*f - 16204 = 17692. What is the remainder when f is divided by 56?
54
Suppose -9*w + 1788 = -3. Calculate the remainder when w is divided by 81.
37
Let t(n) be the second derivative of n**4/6 + 5*n**3/3 - n**2/2 - 6*n. Calculate the remainder when 51 is divided by t(-7).
24
Let i be (4/8)/(1/(-10)). Calculate the remainder when -27*i/((-15)/(-2)) is divided by 5.
3
Suppose -245 = 118*z - 153*z. What is the remainder when ((-1)/(-3))/(4/84) is divided by z?
0
What is the remainder when 46 is divided by (-4)/20 + 184/20 + 5?
4
Let s be 4/(-8) + 6/4. Let c(x) = 4*x - 1 - 6*x + 3*x + 17*x**2. What is the remainder when c(s) is divided by 9?
8
Let g(f) = 17*f - 40. Let z be g(7). Let i = 90 - z. What is the remainder when 52 is divided by i?
8
Let o be -12*(-3 - 18/(-8)). Let z = -129 + 210. Calculate the remainder when z is divided by 6/9 + 183/o.
18
Let p = -4472 + 4579. Suppose -5*z - 81 = -3*t, -2*t + 0*t + 4*z = -54. What is the remainder when p is divided by t?
26
Suppose -3*h + 2*c + 214 = 48, 0 = -h + 2*c + 50. Suppose h*k = 54*k + 88. What is the remainder when 75 is divided by k?
9
Let k be (6/(-4))/((-12)/16). Suppose -k*p + 11 = -15. What is the remainder when (-10)/16*-10*4 is divided by p?
12
Suppose g + 4*r - 6 - 7 = 0, 0 = -4*g - 2*r + 24. What is the remainder when 20/(-1)*4590/(-1275) is divided by g?
2
Let b be (0 + -26)/((-38)/(-10) + -4). Let i = b - 92. What is the remainder when 189 is divided by i?
37
Let y be (1 - (-21)/(-12))*-12. Suppose y*b = 32 + 13. What is the remainder when 23 is divided by b?
3
Let k(x) = -x**3 - 12*x**2 - 13*x - 1. Suppose -37*a + 34*a = 33. What is the remainder when k(a) is divided by 6?
3
Suppose -3*p + 4*p - 37 = 0. Calculate the remainder when p is divided by (-6)/(-36)*(4 - (-2 + -12)).
1
Let c(b) = -9 + 11 + 4 + b**2 + 9*b. What is the remainder when 9 is divided by c(-9)?
3
What is the remainder when (-8)/(((-2)/(-206))/((-11)/22)) is divided by 46?
44
Let n = -5 + 31. Let t be 57/(-95) + (-62)/5. Let k = -6 - t. What is the remainder when n is divided by k?
5
Let p(x) = -20*x - 75. Calculate the remainder when p(-14) is divided by 13.
10
Let i(g) = 17*g**2 - 2*g - 2. Let j be i(4). Suppose -5*d - 4*s + 2*s = -j, -4*d - 5*s + 213 = 0. Calculate the remainder when d is divided by 19.
14
Suppose -3*c - 206 = -h - 5*c, h = -4*c + 212. Calculate the remainder when h is divided by 31.
14
Suppose 2*n - 74 = i + 62, 0 = -4*n - 5*i + 272. What is the remainder when 140 is divided by n?
4
Let f = 52 + -20. Suppose 0 = 5*l - 2*d - 93, l - d = -2*l + 57. What is the remainder when f is divided by l?
11
Suppose i + 0*r - 5*r - 79 = 0, r = -5. What is the remainder when 180 is divided by i?
18
Let i = 26 + -24. Let p be i/(-8) + 490/40. Suppose p*k - 192 = 8*k. What is the remainder when k is divided by 17?
14
Let o(g) = 2*g**2 + 5*g - 25. What is the remainder when o(15) is divided by 4?
0
Calculate the remainder when 28 is divided by 912/40 + 4 + 72/(-15).
6
Let b(q) = -q**3 + 2*q**2 - 6*q + 2. Let o be b(2). Let u = o + 29. Calculate the remainder when u is divided by 5.
4
Let a = 1 + 8. Suppose 4*q = 2*q + 4*q. Suppose q*t + 2*t = 48. What is the remainder when t is divided by a?
6
Let l be (-11)/(-7) - 3/(-7). Let u(y) = -4*y**2 + 3 - 2*y**3 + y**3 + l*y**2 + 2 - y. Calculate the remainder when u(-5) is divided by 22.
19
Let l = 191 - 181. Suppose -4*t + 89 = -63. Calculate the remainder when t is divided by l.
8
Let q = 887 + -673. What is the remainder when q is divided by 43?
42
Suppose 0 = -13*g + 2236 + 23751. What is the remainder when g is divided by 16?
15
Let b = -1921 - -2006. Calculate the remainder when b is divided by 30.
25
Let p = -572 + 597. Calculate the remainder when 94 is divided by p.
19
Let f = -1086 - -1564. What is the remainder when f is divided by 156?
10
Let q(l) = l**2 + 6*l + 4. Let m = -25 + 18. Calculate the remainder when q(m) is divided by 6.
5
Let s(g) = 10*g**2 + 4*g + 2. Suppose 180 = -5*t + 855. Calculate the remainder when t is divided by s(-2).
33
Let z = -1567 - -1611. Let t(h) = -5*h + 1. Let i(p) = -p + 1. Let j(n) = -i(n) - t(n). What is the remainder when z is divided by j(3)?
12
Let q be (-2)/13 + 1746/26. Let s = q + -13. What is the remainder when s is divided by 11?
10